

{"id":1228,"date":"2023-07-17T15:17:09","date_gmt":"2023-07-17T15:17:09","guid":{"rendered":"http:\/\/192.168.25.123\/minpet\/?page_id=1228"},"modified":"2026-03-04T14:51:46","modified_gmt":"2026-03-04T18:51:46","slug":"resquimc","status":"publish","type":"page","link":"http:\/\/www.minhidrocarburos.gob.ve\/index.php\/entes-adscritos\/resquimc\/","title":{"rendered":"RESQUIMC"},"content":{"rendered":"<style>.kb-image1228_9a872b-54.kb-image-is-ratio-size, .kb-image1228_9a872b-54 .kb-image-is-ratio-size{max-width:559px;width:100%;}.wp-block-kadence-column > .kt-inside-inner-col > .kb-image1228_9a872b-54.kb-image-is-ratio-size, .wp-block-kadence-column > .kt-inside-inner-col > .kb-image1228_9a872b-54 .kb-image-is-ratio-size{align-self:unset;}.kb-image1228_9a872b-54 figure{max-width:559px;}.kb-image1228_9a872b-54 .image-is-svg, .kb-image1228_9a872b-54 .image-is-svg img{width:100%;}.kb-image1228_9a872b-54 .kb-image-has-overlay:after{opacity:0.3;}<\/style>\n<div class=\"wp-block-kadence-image kb-image1228_9a872b-54\"><figure class=\"aligncenter size-full\"><img loading=\"lazy\" decoding=\"async\" width=\"533\" height=\"533\" src=\"http:\/\/www.minpet.gob.ve\/wp-content\/uploads\/2024\/12\/Resquimc-_logo_2024.png\" alt=\"\" class=\"kb-img wp-image-3357\" srcset=\"http:\/\/www.minhidrocarburos.gob.ve\/wp-content\/uploads\/2024\/12\/Resquimc-_logo_2024.png 533w, http:\/\/www.minhidrocarburos.gob.ve\/wp-content\/uploads\/2024\/12\/Resquimc-_logo_2024-300x300.png 300w, http:\/\/www.minhidrocarburos.gob.ve\/wp-content\/uploads\/2024\/12\/Resquimc-_logo_2024-150x150.png 150w\" sizes=\"auto, (max-width: 533px) 100vw, 533px\" \/><\/figure><\/div>\n\n\n\n<p>Historia<br>La historia del Registro Nacional \u00danico de Operadores de Sustancias Qu\u00edmicas Controladas (RESQUIMC) inicia cuando el Gobierno de la Rep\u00fablica Bolivariana de Venezuela, consciente de la importancia que representa el control de las actividades que se ejercen con las sustancias qu\u00edmicas controladas y que pudieran ser utilizadas en procesos de producci\u00f3n y\/o fabricaci\u00f3n de drogas il\u00edcitas, con el fin de aplicar medidas y mecanismos de vigilancia administrativa y operativa a los distintos medios de comercializaci\u00f3n l\u00edcita de estos insumos, de conformidad con lo dispuesto en las convenciones internacionales que rigen la lucha antidrogas, establece su creaci\u00f3n a trav\u00e9s del art. 72 de la Ley Org\u00e1nica de Drogas (LOD) seg\u00fan Gaceta Oficial N\u00b0 35.510 de fecha 15 de septiembre de 2010, siendo en este momento un Ente adscrito al Ministerio del Poder Popular para Ciencia, Tecnolog\u00eda e Industrias Intermedias.<\/p>\n\n\n\n<p>Misi\u00f3n<br>Coadyuvar en el desarrollo de la Naci\u00f3n, a partir de la emisi\u00f3n de la permisolog\u00eda correspondiente, para el fomento de la industria petrolera y la producci\u00f3n nacional, mediante el control administrativo y fiscalizaci\u00f3n de todas las operaciones que involucren el manejo de sustancias qu\u00edmicas controladas.<\/p>\n\n\n\n<p>Visi\u00f3n<br>Garantizar la prestaci\u00f3n de un servicio de calidad, dirigido hacia todos los usuarios y operadores de sustancias qu\u00edmicas controladas, mediante la inclusi\u00f3n de tecnolog\u00eda de avanzada, otorgando una respuesta oportuna a todos sus requerimientos. As\u00ed como la transparencia en los procesos de seguimiento y verificaciones operativas asegurando el uso l\u00edcito de las sustancias susceptibles a ser desviadas para la producci\u00f3n de drogas.<\/p>\n\n\n\n<p><em><strong>P\u00e1gina web<\/strong><\/em><\/p>\n\n\n\n<p><a href=\"https:\/\/www.resquimc.gob.ve\/\">www.resquimc.gob.ve<\/a><\/p>\n","protected":false},"excerpt":{"rendered":"<p>HistoriaLa historia del Registro Nacional \u00danico de Operadores de Sustancias Qu\u00edmicas Controladas (RESQUIMC) inicia cuando el Gobierno de la Rep\u00fablica Bolivariana de Venezuela, consciente de la importancia que representa el control de las actividades que se ejercen con las sustancias qu\u00edmicas controladas y que pudieran ser utilizadas en procesos de producci\u00f3n y\/o fabricaci\u00f3n de drogas&hellip;&nbsp;<a href=\"http:\/\/www.minhidrocarburos.gob.ve\/index.php\/entes-adscritos\/resquimc\/\" rel=\"bookmark\">Leer m\u00e1s &raquo;<span class=\"screen-reader-text\">RESQUIMC<\/span><\/a><\/p>\n","protected":false},"author":1,"featured_media":0,"parent":494,"menu_order":0,"comment_status":"closed","ping_status":"closed","template":"","meta":{"_editorskit_title_hidden":true,"_editorskit_reading_time":0,"_editorskit_is_block_options_detached":false,"_editorskit_block_options_position":"{}","neve_meta_sidebar":"","neve_meta_container":"","neve_meta_enable_content_width":"","neve_meta_content_width":0,"neve_meta_title_alignment":"","neve_meta_author_avatar":"","neve_post_elements_order":"","neve_meta_disable_header":"","neve_meta_disable_footer":"","neve_meta_disable_title":"on","footnotes":""},"class_list":["post-1228","page","type-page","status-publish","hentry"],"yoast_head":"<!-- This site is optimized with the Yoast SEO plugin v27.2 - https:\/\/yoast.com\/product\/yoast-seo-wordpress\/ -->\n<title>RESQUIMC - MinHidrocarburos<\/title>\n<meta name=\"description\" content=\"Con el fin de aplicar medidas y mecanismos de vigilancia administrativa y operativa a los distintos medios de comercializaci\u00f3n l\u00edcita de estos insumos, de conformidad con lo dispuesto en las convenciones internacionales que rigen la lucha antidrogas, establece su creaci\u00f3n a trav\u00e9s del art. 72 de la Ley Org\u00e1nica de Drogas (LOD) seg\u00fan Gaceta Oficial N\u00b0 35.510 de fecha 15 de septiembre de 2010.\" \/>\n<meta name=\"robots\" content=\"index, follow, max-snippet:-1, max-image-preview:large, max-video-preview:-1\" \/>\n<link rel=\"canonical\" href=\"http:\/\/www.minhidrocarburos.gob.ve\/index.php\/entes-adscritos\/resquimc\/\" \/>\n<meta property=\"og:locale\" content=\"es_ES\" \/>\n<meta property=\"og:type\" content=\"article\" \/>\n<meta property=\"og:title\" content=\"RESQUIMC - MinHidrocarburos\" \/>\n<meta property=\"og:description\" content=\"Con el fin de aplicar medidas y mecanismos de vigilancia administrativa y operativa a los distintos medios de comercializaci\u00f3n l\u00edcita de estos insumos, de conformidad con lo dispuesto en las convenciones internacionales que rigen la lucha antidrogas, establece su creaci\u00f3n a trav\u00e9s del art. 72 de la Ley Org\u00e1nica de Drogas (LOD) seg\u00fan Gaceta Oficial N\u00b0 35.510 de fecha 15 de septiembre de 2010.\" \/>\n<meta property=\"og:url\" content=\"http:\/\/www.minhidrocarburos.gob.ve\/index.php\/entes-adscritos\/resquimc\/\" \/>\n<meta property=\"og:site_name\" content=\"MinHidrocarburos\" \/>\n<meta property=\"article:modified_time\" content=\"2026-03-04T18:51:46+00:00\" \/>\n<meta property=\"og:image\" content=\"http:\/\/www.minhidrocarburos.gob.ve\/wp-content\/uploads\/2024\/12\/Resquimc-_logo_2024.png\" \/>\n\t<meta property=\"og:image:width\" content=\"533\" \/>\n\t<meta property=\"og:image:height\" content=\"533\" \/>\n\t<meta property=\"og:image:type\" content=\"image\/png\" \/>\n<meta name=\"twitter:card\" content=\"summary_large_image\" \/>\n<meta name=\"twitter:label1\" content=\"Tiempo de lectura\" \/>\n\t<meta name=\"twitter:data1\" content=\"2 minutos\" \/>\n<script type=\"application\/ld+json\" class=\"yoast-schema-graph\">{\"@context\":\"https:\/\/schema.org\",\"@graph\":[{\"@type\":\"WebPage\",\"@id\":\"http:\/\/www.minhidrocarburos.gob.ve\/index.php\/entes-adscritos\/resquimc\/\",\"url\":\"http:\/\/www.minhidrocarburos.gob.ve\/index.php\/entes-adscritos\/resquimc\/\",\"name\":\"RESQUIMC - MinHidrocarburos\",\"isPartOf\":{\"@id\":\"http:\/\/www.minhidrocarburos.gob.ve\/#website\"},\"primaryImageOfPage\":{\"@id\":\"http:\/\/www.minhidrocarburos.gob.ve\/index.php\/entes-adscritos\/resquimc\/#primaryimage\"},\"image\":{\"@id\":\"http:\/\/www.minhidrocarburos.gob.ve\/index.php\/entes-adscritos\/resquimc\/#primaryimage\"},\"thumbnailUrl\":\"http:\/\/www.minpet.gob.ve\/wp-content\/uploads\/2024\/12\/Resquimc-_logo_2024.png\",\"datePublished\":\"2023-07-17T15:17:09+00:00\",\"dateModified\":\"2026-03-04T18:51:46+00:00\",\"description\":\"Con el fin de aplicar medidas y mecanismos de vigilancia administrativa y operativa a los distintos medios de comercializaci\u00f3n l\u00edcita de estos insumos, de conformidad con lo dispuesto en las convenciones internacionales que rigen la lucha antidrogas, establece su creaci\u00f3n a trav\u00e9s del art. 72 de la Ley Org\u00e1nica de Drogas (LOD) seg\u00fan Gaceta Oficial N\u00b0 35.510 de fecha 15 de septiembre de 2010.\",\"breadcrumb\":{\"@id\":\"http:\/\/www.minhidrocarburos.gob.ve\/index.php\/entes-adscritos\/resquimc\/#breadcrumb\"},\"inLanguage\":\"es\",\"potentialAction\":[{\"@type\":\"ReadAction\",\"target\":[\"http:\/\/www.minhidrocarburos.gob.ve\/index.php\/entes-adscritos\/resquimc\/\"]}]},{\"@type\":\"ImageObject\",\"inLanguage\":\"es\",\"@id\":\"http:\/\/www.minhidrocarburos.gob.ve\/index.php\/entes-adscritos\/resquimc\/#primaryimage\",\"url\":\"http:\/\/www.minpet.gob.ve\/wp-content\/uploads\/2024\/12\/Resquimc-_logo_2024.png\",\"contentUrl\":\"http:\/\/www.minpet.gob.ve\/wp-content\/uploads\/2024\/12\/Resquimc-_logo_2024.png\"},{\"@type\":\"BreadcrumbList\",\"@id\":\"http:\/\/www.minhidrocarburos.gob.ve\/index.php\/entes-adscritos\/resquimc\/#breadcrumb\",\"itemListElement\":[{\"@type\":\"ListItem\",\"position\":1,\"name\":\"ENTES ADSCRITOS\",\"item\":\"http:\/\/www.minhidrocarburos.gob.ve\/index.php\/entes-adscritos\/\"},{\"@type\":\"ListItem\",\"position\":2,\"name\":\"RESQUIMC\"}]},{\"@type\":\"WebSite\",\"@id\":\"http:\/\/www.minhidrocarburos.gob.ve\/#website\",\"url\":\"http:\/\/www.minhidrocarburos.gob.ve\/\",\"name\":\"Minhidrocarburos\",\"description\":\"Regulaci\u00f3n, formulaci\u00f3n y seguimiento de pol\u00edticas; la planificaci\u00f3n, realizaci\u00f3n y fiscalizaci\u00f3n en materia de hidrocarburos\",\"publisher\":{\"@id\":\"http:\/\/www.minhidrocarburos.gob.ve\/#organization\"},\"potentialAction\":[{\"@type\":\"SearchAction\",\"target\":{\"@type\":\"EntryPoint\",\"urlTemplate\":\"http:\/\/www.minhidrocarburos.gob.ve\/?s={search_term_string}\"},\"query-input\":{\"@type\":\"PropertyValueSpecification\",\"valueRequired\":true,\"valueName\":\"search_term_string\"}}],\"inLanguage\":\"es\"},{\"@type\":\"Organization\",\"@id\":\"http:\/\/www.minhidrocarburos.gob.ve\/#organization\",\"name\":\"Ministerio del Poder Popular de Hidrocarburos\",\"url\":\"http:\/\/www.minhidrocarburos.gob.ve\/\",\"logo\":{\"@type\":\"ImageObject\",\"inLanguage\":\"es\",\"@id\":\"http:\/\/www.minhidrocarburos.gob.ve\/#\/schema\/logo\/image\/\",\"url\":\"http:\/\/www.minhidrocarburos.gob.ve\/wp-content\/uploads\/2024\/12\/Ministerio_de_Hidrocarburos.png\",\"contentUrl\":\"http:\/\/www.minhidrocarburos.gob.ve\/wp-content\/uploads\/2024\/12\/Ministerio_de_Hidrocarburos.png\",\"width\":2320,\"height\":324,\"caption\":\"Ministerio del Poder Popular de Hidrocarburos\"},\"image\":{\"@id\":\"http:\/\/www.minhidrocarburos.gob.ve\/#\/schema\/logo\/image\/\"}}]}<\/script>\n<!-- \/ Yoast SEO plugin. -->","yoast_head_json":{"title":"RESQUIMC - MinHidrocarburos","description":"Con el fin de aplicar medidas y mecanismos de vigilancia administrativa y operativa a los distintos medios de comercializaci\u00f3n l\u00edcita de estos insumos, de conformidad con lo dispuesto en las convenciones internacionales que rigen la lucha antidrogas, establece su creaci\u00f3n a trav\u00e9s del art. 72 de la Ley Org\u00e1nica de Drogas (LOD) seg\u00fan Gaceta Oficial N\u00b0 35.510 de fecha 15 de septiembre de 2010.","robots":{"index":"index","follow":"follow","max-snippet":"max-snippet:-1","max-image-preview":"max-image-preview:large","max-video-preview":"max-video-preview:-1"},"canonical":"http:\/\/www.minhidrocarburos.gob.ve\/index.php\/entes-adscritos\/resquimc\/","og_locale":"es_ES","og_type":"article","og_title":"RESQUIMC - MinHidrocarburos","og_description":"Con el fin de aplicar medidas y mecanismos de vigilancia administrativa y operativa a los distintos medios de comercializaci\u00f3n l\u00edcita de estos insumos, de conformidad con lo dispuesto en las convenciones internacionales que rigen la lucha antidrogas, establece su creaci\u00f3n a trav\u00e9s del art. 72 de la Ley Org\u00e1nica de Drogas (LOD) seg\u00fan Gaceta Oficial N\u00b0 35.510 de fecha 15 de septiembre de 2010.","og_url":"http:\/\/www.minhidrocarburos.gob.ve\/index.php\/entes-adscritos\/resquimc\/","og_site_name":"MinHidrocarburos","article_modified_time":"2026-03-04T18:51:46+00:00","og_image":[{"width":533,"height":533,"url":"http:\/\/www.minhidrocarburos.gob.ve\/wp-content\/uploads\/2024\/12\/Resquimc-_logo_2024.png","type":"image\/png"}],"twitter_card":"summary_large_image","twitter_misc":{"Tiempo de lectura":"2 minutos"},"schema":{"@context":"https:\/\/schema.org","@graph":[{"@type":"WebPage","@id":"http:\/\/www.minhidrocarburos.gob.ve\/index.php\/entes-adscritos\/resquimc\/","url":"http:\/\/www.minhidrocarburos.gob.ve\/index.php\/entes-adscritos\/resquimc\/","name":"RESQUIMC - MinHidrocarburos","isPartOf":{"@id":"http:\/\/www.minhidrocarburos.gob.ve\/#website"},"primaryImageOfPage":{"@id":"http:\/\/www.minhidrocarburos.gob.ve\/index.php\/entes-adscritos\/resquimc\/#primaryimage"},"image":{"@id":"http:\/\/www.minhidrocarburos.gob.ve\/index.php\/entes-adscritos\/resquimc\/#primaryimage"},"thumbnailUrl":"http:\/\/www.minpet.gob.ve\/wp-content\/uploads\/2024\/12\/Resquimc-_logo_2024.png","datePublished":"2023-07-17T15:17:09+00:00","dateModified":"2026-03-04T18:51:46+00:00","description":"Con el fin de aplicar medidas y mecanismos de vigilancia administrativa y operativa a los distintos medios de comercializaci\u00f3n l\u00edcita de estos insumos, de conformidad con lo dispuesto en las convenciones internacionales que rigen la lucha antidrogas, establece su creaci\u00f3n a trav\u00e9s del art. 72 de la Ley Org\u00e1nica de Drogas (LOD) seg\u00fan Gaceta Oficial N\u00b0 35.510 de fecha 15 de septiembre de 2010.","breadcrumb":{"@id":"http:\/\/www.minhidrocarburos.gob.ve\/index.php\/entes-adscritos\/resquimc\/#breadcrumb"},"inLanguage":"es","potentialAction":[{"@type":"ReadAction","target":["http:\/\/www.minhidrocarburos.gob.ve\/index.php\/entes-adscritos\/resquimc\/"]}]},{"@type":"ImageObject","inLanguage":"es","@id":"http:\/\/www.minhidrocarburos.gob.ve\/index.php\/entes-adscritos\/resquimc\/#primaryimage","url":"http:\/\/www.minpet.gob.ve\/wp-content\/uploads\/2024\/12\/Resquimc-_logo_2024.png","contentUrl":"http:\/\/www.minpet.gob.ve\/wp-content\/uploads\/2024\/12\/Resquimc-_logo_2024.png"},{"@type":"BreadcrumbList","@id":"http:\/\/www.minhidrocarburos.gob.ve\/index.php\/entes-adscritos\/resquimc\/#breadcrumb","itemListElement":[{"@type":"ListItem","position":1,"name":"ENTES ADSCRITOS","item":"http:\/\/www.minhidrocarburos.gob.ve\/index.php\/entes-adscritos\/"},{"@type":"ListItem","position":2,"name":"RESQUIMC"}]},{"@type":"WebSite","@id":"http:\/\/www.minhidrocarburos.gob.ve\/#website","url":"http:\/\/www.minhidrocarburos.gob.ve\/","name":"Minhidrocarburos","description":"Regulaci\u00f3n, formulaci\u00f3n y seguimiento de pol\u00edticas; la planificaci\u00f3n, realizaci\u00f3n y fiscalizaci\u00f3n en materia de hidrocarburos","publisher":{"@id":"http:\/\/www.minhidrocarburos.gob.ve\/#organization"},"potentialAction":[{"@type":"SearchAction","target":{"@type":"EntryPoint","urlTemplate":"http:\/\/www.minhidrocarburos.gob.ve\/?s={search_term_string}"},"query-input":{"@type":"PropertyValueSpecification","valueRequired":true,"valueName":"search_term_string"}}],"inLanguage":"es"},{"@type":"Organization","@id":"http:\/\/www.minhidrocarburos.gob.ve\/#organization","name":"Ministerio del Poder Popular de Hidrocarburos","url":"http:\/\/www.minhidrocarburos.gob.ve\/","logo":{"@type":"ImageObject","inLanguage":"es","@id":"http:\/\/www.minhidrocarburos.gob.ve\/#\/schema\/logo\/image\/","url":"http:\/\/www.minhidrocarburos.gob.ve\/wp-content\/uploads\/2024\/12\/Ministerio_de_Hidrocarburos.png","contentUrl":"http:\/\/www.minhidrocarburos.gob.ve\/wp-content\/uploads\/2024\/12\/Ministerio_de_Hidrocarburos.png","width":2320,"height":324,"caption":"Ministerio del Poder Popular de Hidrocarburos"},"image":{"@id":"http:\/\/www.minhidrocarburos.gob.ve\/#\/schema\/logo\/image\/"}}]}},"_links":{"self":[{"href":"http:\/\/www.minhidrocarburos.gob.ve\/index.php\/wp-json\/wp\/v2\/pages\/1228","targetHints":{"allow":["GET"]}}],"collection":[{"href":"http:\/\/www.minhidrocarburos.gob.ve\/index.php\/wp-json\/wp\/v2\/pages"}],"about":[{"href":"http:\/\/www.minhidrocarburos.gob.ve\/index.php\/wp-json\/wp\/v2\/types\/page"}],"author":[{"embeddable":true,"href":"http:\/\/www.minhidrocarburos.gob.ve\/index.php\/wp-json\/wp\/v2\/users\/1"}],"replies":[{"embeddable":true,"href":"http:\/\/www.minhidrocarburos.gob.ve\/index.php\/wp-json\/wp\/v2\/comments?post=1228"}],"version-history":[{"count":11,"href":"http:\/\/www.minhidrocarburos.gob.ve\/index.php\/wp-json\/wp\/v2\/pages\/1228\/revisions"}],"predecessor-version":[{"id":3371,"href":"http:\/\/www.minhidrocarburos.gob.ve\/index.php\/wp-json\/wp\/v2\/pages\/1228\/revisions\/3371"}],"up":[{"embeddable":true,"href":"http:\/\/www.minhidrocarburos.gob.ve\/index.php\/wp-json\/wp\/v2\/pages\/494"}],"wp:attachment":[{"href":"http:\/\/www.minhidrocarburos.gob.ve\/index.php\/wp-json\/wp\/v2\/media?parent=1228"}],"curies":[{"name":"wp","href":"https:\/\/api.w.org\/{rel}","templated":true}]}}